 be (-1)/(-4) + s/8. Let o be h*(60/(-9))/4. Give l(o).
3
Let h(y) = -4*y + 9. Let q(j) = 2*j - 5. Suppose 2*o = 4*v + 38, 3 + 0 = o + 2*v. Let f(p) = o*q(p) + 6*h(p). Give f(6).
-13
Let t(l) = 5*l - 1. Let o be (-3)/(-2) + 7/(-14). Give t(o).
4
Let r(i) be the second derivative of i**3/3 + i**2 - 107*i. Let d(f) = -f**2 + 1. Let y be d(2). Determine r(y).
-4
Let a = -25 - -45. Suppose -a + 24 = 2*z. Let u(o) = -4*o + 3. What is u(z)?
-5
Let w(l) be the second derivative of 7*l**3/6 + l**2/2 - 5*l. Let n(g) = 4*g + 1. Let v(t) = 5*n(t) - 3*w(t). Calculate v(-3).
5
Suppose 3*i - 2*m - 14 = 0, 0 = 4*m + 11 + 5. Let n(b) be the first derivative of -2 + 2*b - 1/2*b**i. Calculate n(-4).
6
Suppose -v - 5*r - 11 = 10, 1 = -v - r. Let q(k) be the first derivative of -k**3/3 + 7*k**2/2 - 6*k + 8. What is q(v)?
6
Let f(z) be the first derivative of z**2/2 - z - 4. Suppose 2*k + 23 = 5*d, 4*d - 12 = 8. Give f(k).
0
Let i(d) = -8*d**2 + d**2 + 1 - 4*d**2. What is i(-1)?
-10
Let v(t) = t**3 - 2*t - 1. Suppose 0 = -11*f - 4 - 7. Determine v(f).
0
Let t(z) = -3*z. Let k(u) = u**2 - 6*u + 5. Let h be k(5). Let r(p) = p**3 - 6*p**2 + 5*p - 2. Let o be r(5). Let j = o + h. Determine t(j).
6
Let v(s) = s**2 - 7*s + 3. Let w be v(6). Let t(i) = -i + 1. Let x(k) = -4*k - 2 - 2 + 1. Let g(f) = -3*t(f) + x(f). Calculate g(w).
-3
Let s = -8 - -9. Let p(w) = 1 - 1 + 2*w + s + 5. Give p(-4).
-2
Let r(a) be the third derivative of -a**5/60 - a**3/6 + a**2. Let n be -7 + 7 - (-1 - 1). Give r(n).
-5
Let w(u) = u**3 + 3*u**2 + 6*u - 1. Let p be (-7)/35 - 18/10. Let b(d) = -3*d**3 - 8*d**2 - 19*d + 3. Let i(l) = p*b(l) - 7*w(l). Calculate i(-3).
-5
Let o(a) = 4 - 20*a - 2*a**2 + 27*a + 1 + 4*a**2. Calculate o(-4).
9
Let v(x) be the third derivative of -x**5/60 - 5*x**4/24 + x**3 - 27*x**2. Let g be (-14)/3 - 1/3. What is v(g)?
6
Let c be ((-2)/3)/((-2)/6). Let s be 6/(0 + 3) - -1. Let n(t) = s*t + 0*t**c - t - 1 - t**2. Calculate n(1).
0
Let s be (1 + 0)/((-4)/(-8)). Let v(t) = -3*t + 1 - t + 5*t + t**s. Let q be v(-1). Let x(m) = 4*m + 1. What is x(q)?
5
Let s(b) = b**2 + 3 + 23*b + 19*b - 49*b. Suppose 4*h + h - 25 = 0. Give s(h).
-7
Suppose -3*v + 9*v = 6. Let i(w) be the first derivative of w + v + w**2 - 1/2*w**4 - 2/3*w**3. Determine i(-2).
5
Suppose -3*f + 5 = -19. Let q(o) = -4*o - 22. Let d be q(-6). Let k(g) = 0*g + d - 3 - f*g - 3*g. Calculate k(-1).
10
Let g = 6 + 5. Let l = g + -7. Let v(i) = 4*i - 10. Let y(b) = b - 1. Let o(m) = -v(m) + 3*y(m). What is o(l)?
3
Let n(y) = -5*y - 2 - 12 + 4*y**2 + 16 - y**3. Calculate n(3).
-4
Let o = -22 + 22. Let x(g) = g**3 - g**2 - g - 4. Give x(o).
-4
Let h(s) = -4*s**3 + s. Let f be h(1). Let b(u) be the third derivative of -u**5/60 - u**4/24 + u**3/3 - u**2. Give b(f).
-4
Let s(i) = -i - 2. Let n(x) = 2*x + 3. Let c(d) = -2*n(d) - 5*s(d). Let h = -3 - -2. Let f be ((-6)/(-8))/(h/4). Determine c(f).
1
Let i(z) be the third derivative of z**5/60 + z**4/6 - z**3/6 - 2*z**2. Let l be i(-2). Let v(m) = m**3 + 5*m**2 - m + 4. Determine v(l).
9
Let c = 101 + -108. Let s(n) = -2*n - 8. What is s(c)?
6
Let h(a) = -a**2 - 5*a - 5. Suppose 2*t = 6*t - 56. Suppose 0*i + t = 2*i. Suppose -2*w + i*w = -20. Calculate h(w).
-1
Let v(d) be the first derivative of -d**4/4 + 4*d**3/3 - 3*d**2/2 + 3*d + 24. Give v(3).
3
Let m(t) = -16*t - 2. Let d be m(-1). Let b = d - 10. Let f(u) = -u - 2*u - 1 + 2 - b. Determine f(-2).
3
Let d = -4 - -4. Let w(f) = 4 + 6*f + d - 7*f. What is w(3)?
1
Let b(o) = o**2 - o - 2. Suppose 3*n + 2*n = 20. Calculate b(n).
10
Let v(b) be the second derivative of b**4/12 + 5*b**3/6 + 3*b**2 - b. Suppose a + 2*a + 18 = 0. Determine v(a).
12
Let x(d) = 3 - d**2 - d**3 - 3 - d + 1. Let y(k) = k**3 + 2*k**2 + 2*k - 2. Let t(j) = 7*x(j) + 6*y(j). Calculate t(6).
-11
Suppose 9*i - 11*i + 10 = 0. Let d(s) = -s**2 + 9*s - 1. Give d(i).
19
Suppose -29 = -5*m - 79. Let i(o) = -o**3 - 10*o**2 + 5. Let d be i(m). Let q(x) = -x**2 + 7*x - 7. What is q(d)?
3
Let j(a) = a**2 + a + 1. Let s = -53 + 48. Determine j(s).
21
Suppose 4*f + 4 = 5*s, f + 3*s + 5 = -13. Let g(a) = -a - 7. Let j(y) = 6. Let b(l) = f*j(l) - 5*g(l). Let p = 3 - 2. Give b(p).
4
Let f(c) = c**3 + 10*c**2 - c + 3. Let g(q) = q**2 + q - 1. Let r(t) = -f(t) + 4*g(t). Determine r(-7).
7
Let s(o) = -3*o**3 + 5*o**2 + 4. Let c(f) = 4*f**3 - 6*f**2 - 5. Let v(z) = -4*c(z) - 5*s(z). Calculate v(-2).
4
Let f(u) = u + 2. Let n be f(6). Let l be (-3)/(1 + n/(-5)). Let y(x) = x**3 - 6*x**2 + 5*x - 6. What is y(l)?
-6
Let p(x) be the third derivative of 0 + x**2 + 0*x**4 - 2/3*x**3 + 1/60*x**5 + 0*x. Let u = 6 + -9. Give p(u).
5
Let w(r) be the second derivative of r**5/20 + r**4/2 + 5*r**3/6 - r**2/2 + 27*r. Give w(-5).
-1
Let t(n) be the second derivative of -n**4/12 - n**3/6 + n**2/2 - n. Let k = -1 - -1. Determine t(k).
1
Let k(r) = r**2 + 1. Let o(b) = b**3 + 2*b**2 - 6*b + 1. Let m(w) = -6*k(w) + o(w). What is m(5)?
-10
Let g(n) be the first derivative of 1 + 3*n**2 - 1/4*n**4 + 4/3*n**3 - 5*n. Determine g(5).
0
Let u(g) = -3*g**2 - g + 2. Let y be (3*1)/(3 + -4). Let m be ((-4)/(-10))/(y/15). Determine u(m).
-8
Let k(i) = i**3 + 9*i**2 + 7*i + 12. Let p = 131 + -139. Calculate k(p).
20
Let i(c) = 10*c**2 - c. Suppose -m + 6 - 7 = 0. Determine i(m).
11
Suppose 2*b = 10*b + 24. Let j(u) = -u**2 - 3*u + 2. Give j(b).
2
Let a be 8/5 + (-10)/(-25). Let m(v) = -a*v + 7 - 11 + v. Determine m(-4).
0
Let l(i) = -i**3 + 3*i**2 + 1. Let j(d) = -d + 7. Let w be j(4). Give l(w).
1
Let l(x) = -3*x + 7*x - 2*x - x**2. Calculate l(2).
0
Let f be 1 + -8 - 0/(-11). Let w(z) = -z**3 - 6*z**2 + 8*z + 4. Determine w(f).
-3
Let i(y) be the second derivative of -y**3/3 - y. Give i(-3).
6
Let i(p) = -p**2 - 4*p. Let o be (2/2)/(1/5). Let m(f) = f**2 - 7*f + 5. Let u be m(o). Give i(u).
-5
Let i(b) = 5 + b**2 - 3*b + 0 + b - 5*b. Determine i(4).
-7
Let a(t) = 9*t**3 + t**2 + t - 1. Let h(g) = -g. Let z(f) = -a(f) - 2*h(f). Calculate z(-1).
8
Let l(c) = 5*c + 5. Let a = 51 + -55. Give l(a).
-15
Let u(a) = -2*a**2 - 3*a. Let n(k) = 3*k**2 + 3*k - 1. Let o(w) = 3*n(w) + 4*u(w). Determine o(6).
15
Suppose 0 = 2*z + 3*h - 15, 14 = 2*z + h + h. Let x be (-27)/z*(-6)/9. Let l(w) = w**2 - 3*w. Let j(n) = -2*n**2 + 6*n. Let s(o) = 4*j(o) + 7*l(o). Give s(x).
0
Suppose -5*t + 2*t - 24 = 0. Let v(g) = -1. Let m(h) = -h**2 - 8*h + 2. Let a(w) = m(w) + 4*v(w). Determine a(t).
-2
Let h(b) be the third derivative of b**6/360 - b**5/120 - b**4/24 + 2*b**3/3 + 5*b**2. Let z(v) be the first derivative of h(v). Calculate z(-1).
1
Let t(j) = -j**2 + 11*j - 8. Let i be t(10). Let d be 1/i*-1*10. Let p(f) = f**2 + 5*f + 7. What is p(d)?
7
Let m(d) = 2*d. Let a(f) = f. Let p be a(9). Let x be 8/10 + p/45. Give m(x).
2
Let t(h) = 3*h + 2. Let s(p) = -3*p - 1. Let z(k) = -3*s(k) - 2*t(k). Give z(4).
11
Let v(d) = d**2 - d - 3. Suppose u - 5*u = -28. Suppose 3*b + 36 = u*b. Suppose b = 2*f + f. Calculate v(f).
3
Let k(c) = 3 - 1 + 6*c - c + 0. Suppose 0 - 5 = -5*a. Suppose -3*m - 4 = 2*q, -2*q - a = 2*m + 3. Determine k(q).
-8
Let a(d) = -3*d + 4. Let o(s) = -3*s + 3. Let v(z) = 4*a(z) - 3*o(z). Let i(h) = -9 - h**2 - 11*h - 2*h + 4*h. Let u be i(-7). Give v(u).
-8
Let l(x) be the first derivative of x**6/360 - x**5/60 + x**4/24 + x**3 + 1. Let h(z) be the third derivative of l(z). Calculate h(3).
4
Let b(u) = u**2. Let x(o) = -o**3 - 2*o + 3. Let l(m) = 5*b(m) - x(m). What is l(-4)?
5
Suppose -4*f + 10 = -14. Suppose 5*w - f - 4 = 0. Let h(r) = 4*r - 3*r + r**2 - w*r**2. Calculate h(2).
-2
Let w(o) be the third derivative of 0 + 3*o**2 + 0*o + 1/12*o**4 - 1/3*o**3. Calculate w(5).
8
Suppose -4*h + 2 = 2*m, 4*h - 1 + 8 = m. Let j(r) = -6*r**2 - 2*r - 1. Determine j(h).
-5
Let q(x) = x - 6. Let o be q(6). Let g(c) = -2 + 0 + 41*c - 42*c. What is g(o)?
-2
Let c(m) = m + 3*m**3 + 6*m**2 + 3*m**3 - 5*m**3. Let w(n) = -n**3 - 11*n**2 - 9*n + 4. Let l be w(-10). What is c(l)?
-6
Let p(c) = c**2 - 3*c - 5. Let g(m) = 4*m**2 + m - 1. Let r be g(1). Suppose -10 = -r*j + 10. Let t be p(j). Let h(q) = -q + 1. Give h(t).
-4
Suppose 4*a - 32 = -0*c - 4*c, 0 = -c - 5*a + 24. Let f = c + -8. Let z(j) be the third derivative of -j**5/60 - j**4/6 + j**3/6 - j**2. Calculate z(f).
1
Suppose -5*j + 3*n + 5 - 3 = 0, 3 = 5*j - 2*n. 